{"id":214,"date":"2024-01-11T08:34:10","date_gmt":"2024-01-11T13:34:10","guid":{"rendered":"https:\/\/munisanroman.gob.pe\/web\/?page_id=214"},"modified":"2025-10-01T09:11:12","modified_gmt":"2025-10-01T14:11:12","slug":"mision-y-vision","status":"publish","type":"page","link":"https:\/\/munisanroman.gob.pe\/web\/mision-y-vision\/","title":{"rendered":"Misi\u00f3n y Visi\u00f3n"},"content":{"rendered":"\t\t<div data-elementor-type=\"wp-page\" data-elementor-id=\"214\" class=\"elementor elementor-214\">\n\t\t\t\t\t\t<section class=\"elementor-section elementor-top-section elementor-element elementor-element-5ab4732 dsvy-col-stretched-none dsvy-bg-color-over-image elementor-section-boxed elementor-section-height-default elementor-section-height-default\" data-id=\"5ab4732\" data-element_type=\"section\" data-e-type=\"section\">\n\t\t\t\t\t\t<div class=\"elementor-container elementor-column-gap-default\">\n\t\t\t\t\t<div class=\"elementor-column elementor-col-100 elementor-top-column elementor-element elementor-element-dd4ff56 dsvy-bg-color-over-image\" data-id=\"dd4ff56\" data-element_type=\"column\" data-e-type=\"column\">\n\t\t\t<div class=\"elementor-widget-wrap elementor-element-populated\">\n\t\t\t\t\t\t<div class=\"elementor-element elementor-element-8cb9402 elementor-invisible elementor-widget elementor-widget-image\" data-id=\"8cb9402\" data-element_type=\"widget\" data-e-type=\"widget\" data-settings=\"{&quot;_animation&quot;:&quot;slideInDown&quot;}\" data-widget_type=\"image.default\">\n\t\t\t\t<div class=\"elementor-widget-container\">\n\t\t\t\t\t\t\t\t\t\t\t\t\t\t\t<img fetchpriority=\"high\" decoding=\"async\" width=\"550\" height=\"347\" src=\"https:\/\/munisanroman.gob.pe\/web\/wp-content\/uploads\/2024\/01\/mision-vision.png\" class=\"attachment-large size-large wp-image-855\" alt=\"\" srcset=\"https:\/\/munisanroman.gob.pe\/web\/wp-content\/uploads\/2024\/01\/mision-vision.png 550w, https:\/\/munisanroman.gob.pe\/web\/wp-content\/uploads\/2024\/01\/mision-vision-300x189.png 300w\" sizes=\"(max-width: 550px) 100vw, 550px\" \/>\t\t\t\t\t\t\t\t\t\t\t\t\t\t\t<\/div>\n\t\t\t\t<\/div>\n\t\t\t\t\t<\/div>\n\t\t<\/div>\n\t\t\t\t\t<\/div>\n\t\t<\/section>\n\t\t\t\t<section class=\"elementor-section elementor-top-section elementor-element elementor-element-77207e3 dsvy-col-stretched-none dsvy-bg-color-over-image elementor-section-boxed elementor-section-height-default elementor-section-height-default\" data-id=\"77207e3\" data-element_type=\"section\" data-e-type=\"section\">\n\t\t\t\t\t\t<div class=\"elementor-container elementor-column-gap-default\">\n\t\t\t\t\t<div class=\"elementor-column elementor-col-100 elementor-top-column elementor-element elementor-element-8236af8 dsvy-bg-color-over-image\" data-id=\"8236af8\" data-element_type=\"column\" data-e-type=\"column\">\n\t\t\t<div class=\"elementor-widget-wrap elementor-element-populated\">\n\t\t\t\t\t\t<section class=\"elementor-section elementor-inner-section elementor-element elementor-element-af39973 dsvy-col-stretched-none dsvy-bg-color-over-image elementor-section-boxed elementor-section-height-default elementor-section-height-default\" data-id=\"af39973\" data-element_type=\"section\" data-e-type=\"section\">\n\t\t\t\t\t\t<div class=\"elementor-container elementor-column-gap-default\">\n\t\t\t\t\t<div class=\"elementor-column elementor-col-50 elementor-inner-column elementor-element elementor-element-04dbe35 dsvy-bg-color-over-image\" data-id=\"04dbe35\" data-element_type=\"column\" data-e-type=\"column\">\n\t\t\t<div class=\"elementor-widget-wrap elementor-element-populated\">\n\t\t\t\t\t\t<div class=\"elementor-element elementor-element-4f72965 elementor-invisible elementor-widget elementor-widget-text-editor\" data-id=\"4f72965\" data-element_type=\"widget\" data-e-type=\"widget\" data-settings=\"{&quot;_animation&quot;:&quot;slideInLeft&quot;}\" data-widget_type=\"text-editor.default\">\n\t\t\t\t<div class=\"elementor-widget-container\">\n\t\t\t\t\t\t\t\t\t<strong>Misi\u00f3n<\/strong>\n<p style=\"text-align: justify;\">Brindar servicios con eficiencia, eficacia, transparencia y tecnolog\u00eda beneficiando al ciudadano, de esta manera lograr un desarrollo integral y sostenible de la ciudad de Juliaca, a trav\u00e9s de una gesti\u00f3n participativa y renovadora.<\/p>\t\t\t\t\t\t\t\t<\/div>\n\t\t\t\t<\/div>\n\t\t\t\t\t<\/div>\n\t\t<\/div>\n\t\t\t\t<div class=\"elementor-column elementor-col-50 elementor-inner-column elementor-element elementor-element-1ca93b8 dsvy-bg-color-over-image\" data-id=\"1ca93b8\" data-element_type=\"column\" data-e-type=\"column\">\n\t\t\t<div class=\"elementor-widget-wrap elementor-element-populated\">\n\t\t\t\t\t\t<div class=\"elementor-element elementor-element-89ae16b elementor-invisible elementor-widget elementor-widget-text-editor\" data-id=\"89ae16b\" data-element_type=\"widget\" data-e-type=\"widget\" data-settings=\"{&quot;_animation&quot;:&quot;slideInRight&quot;}\" data-widget_type=\"text-editor.default\">\n\t\t\t\t<div class=\"elementor-widget-container\">\n\t\t\t\t\t\t\t\t\t<strong>Visi\u00f3n<\/strong>\n<p id=\"f3eh2\" style=\"text-align: justify;\">Ser una municipalidad modelo que impulsa el desarrollo integral de la comunidad, con una gesti\u00f3n eficiente, transparente y con una activa participaci\u00f3n ciudadana, posicionando a Juliaca como una ciudad saludable, segura, ordenada e inclusiva donde se fomente la cultura.<\/p>\t\t\t\t\t\t\t\t<\/div>\n\t\t\t\t<\/div>\n\t\t\t\t\t<\/div>\n\t\t<\/div>\n\t\t\t\t\t<\/div>\n\t\t<\/section>\n\t\t\t\t\t<\/div>\n\t\t<\/div>\n\t\t\t\t\t<\/div>\n\t\t<\/section>\n\t\t\t\t<\/div>\n\t\t","protected":false},"excerpt":{"rendered":"<p>Misi\u00f3n Brindar servicios con eficiencia, eficacia, transparencia y tecnolog\u00eda beneficiando al ciudadano, de esta manera lograr un desarrollo integral y sostenible de la ciudad de Juliaca, a trav\u00e9s de una gesti\u00f3n participativa y renovadora. Visi\u00f3n Ser una municipalidad modelo que impulsa el desarrollo integral de la comunidad, con una gesti\u00f3n eficiente, transparente y con una activa participaci\u00f3n ciudadana, posicionando a Juliaca como una ciudad saludable, segura, ordenada e inclusiva donde[&hellip;]<\/p>\n","protected":false},"author":2,"featured_media":0,"parent":0,"menu_order":0,"comment_status":"closed","ping_status":"closed","template":"","meta":{"_acf_changed":false,"footnotes":""},"class_list":["post-214","page","type-page","status-publish","hentry"],"acf":[],"_links":{"self":[{"href":"https:\/\/munisanroman.gob.pe\/web\/wp-json\/wp\/v2\/pages\/214","targetHints":{"allow":["GET"]}}],"collection":[{"href":"https:\/\/munisanroman.gob.pe\/web\/wp-json\/wp\/v2\/pages"}],"about":[{"href":"https:\/\/munisanroman.gob.pe\/web\/wp-json\/wp\/v2\/types\/page"}],"author":[{"embeddable":true,"href":"https:\/\/munisanroman.gob.pe\/web\/wp-json\/wp\/v2\/users\/2"}],"replies":[{"embeddable":true,"href":"https:\/\/munisanroman.gob.pe\/web\/wp-json\/wp\/v2\/comments?post=214"}],"version-history":[{"count":21,"href":"https:\/\/munisanroman.gob.pe\/web\/wp-json\/wp\/v2\/pages\/214\/revisions"}],"predecessor-version":[{"id":2136,"href":"https:\/\/munisanroman.gob.pe\/web\/wp-json\/wp\/v2\/pages\/214\/revisions\/2136"}],"wp:attachment":[{"href":"https:\/\/munisanroman.gob.pe\/web\/wp-json\/wp\/v2\/media?parent=214"}],"curies":[{"name":"wp","href":"https:\/\/api.w.org\/{rel}","templated":true}]}}